3 - (2 + 0)/2. Let f = a + 2. Suppose -25 = -5*g, -t - f*g + 90 = -19. Is t composite?
False
Is (-6 - -5)/(1/(-766)) a composite number?
True
Let j(t) be the third derivative of -49*t**4/24 + 7*t**3/6 - 3*t**2. Is j(-4) a composite number?
True
Let z(n) = n**2 - 9*n + 4. Let i be z(9). Suppose 5*w - u = 1444 + 48, 3*w = -2*u + 890. Suppose -5*k - c - c = -304, -5*k = i*c - w. Is k a composite number?
True
Suppose -5*s = -i - 14 + 6, 5*s + 3*i - 16 = 0. Suppose y = -s*y + 36. Suppose 2*o + 49 = w, o + y = -3*o. Is w a composite number?
False
Let b = -615 - -4048. Is b composite?
False
Let f = 1993 + -1308. Is f composite?
True
Let q(i) = -43*i. Suppose -a = -5*a - 4. Is q(a) a composite number?
False
Suppose -1716 - 2981 = -7*h. Is h composite?
True
Suppose -4*k = -16, -3*l + 2*k = -4*l + 79. Is l a prime number?
True
Let t be -11 - (3 - 2 - 0). Let h be (-3)/12 - (-897)/t. Let g = -20 - h. Is g a composite number?
True
Suppose 4*c + c = -2*o + 3361, 0 = 3*c + 2*o - 2019. Is c composite?
True
Suppose 0 = 5*t - 4*p - 156, -t + 20 + 17 = 5*p. Let y = 97 - t. Is y a prime number?
False
Is (-674)/(-2) + (-2 - (-7 - -5)) a composite number?
False
Let s(q) be the first derivative of q**4/4 - 2*q**3/3 - 4*q**2 - 3*q + 1. Suppose -3*m + 4*z = -29 + 7, 23 = 3*m - 5*z. Is s(m) prime?
False
Let k be 108 + -7 + 2*-2. Suppose 0 = g - 1 - 1. Suppose 3*b = g*b + k. Is b prime?
True
Suppose 262 = 5*b + 102. Suppose 5*j - 4*a = 127 - b, j = -3*a + 19. Is j composite?
False
Let s be 12/(-30) - 217/(-5). Suppose 0 = 3*t - 32 - s. Is t composite?
True
Let p = -1260 - -2123. Is p prime?
True
Let c be (-15 - -10)*1268/(-5). Suppose 0 = -6*o + 2*o + c. Is o composite?
False
Let w = -7 - -10. Suppose 2*b = -w*b + 485. Is b prime?
True
Suppose -4 + 0 = -2*j + 4*a, 0 = 4*j - a - 1. Suppose 3*y + 335 = 5*x, -x + 2*y + 52 + 15 = j. Is x a prime number?
True
Is -2*(-1 - 498/4) a prime number?
True
Let w(l) = -182*l - 21. Is w(-5) composite?
True
Let d(q) = -2*q**2 + 3*q + 187. Let f(g) = -g**2 + 2*g + 187. Let j(u) = -2*d(u) + 3*f(u). Is j(0) a prime number?
False
Let m(q) = q**2 + 13*q + 17. Let w be m(-13). Suppose 3*l - 15 = -f + 18, -w = -f + l. Is f composite?
True
Let z(m) = -4*m + 9*m**2 + 0*m**2 - m**3 - 4*m - 5. Let l be (-12)/(-3) - (-6 - -3). Is z(l) a prime number?
True
Let u(o) = 278*o - 3. Is u(2) composite?
True
Let b = 7 - 0. Suppose 413 = -6*h + b*h. Is h composite?
True
Let z = 97 + -48. Is z prime?
False
Let c = -191 - -669. Is c a prime number?
False
Let s(f) = 3*f**2 + 17*f + 30. Is s(17) a composite number?
True
Let w(s) = s**3 - 5*s**2 - 7*s + 8. Let t be (2/5)/(1/15). Let f be w(t). Is f/((-2)/(-115) + 0) composite?
True
Let n = 337 + -188. Is n composite?
False
Suppose -5*t = -2*n - 2, t - 4*n - 4 + 0 = 0. Suppose -5*s + 20 = -t*s. Suppose 0 = -3*x - 3*v - 0*v + 60, 0 = -s*x + v + 85. Is x composite?
True
Suppose 0 = -z - z. Suppose w - 36 - 185 = z. Let l = -142 + w. Is l a composite number?
False
Suppose -4*l - 3*m + 23 = 0, 0*l - m = -2*l - 1. Is 2 + (l - 7) - -164 composite?
True
Suppose -2*g + 2 = -8. Suppose -g*i + 1552 = -343. Is i prime?
True
Suppose 5*d + 15 = 3*y + 2*y, 2*d = 4*y - 10. Is -3 - (-309 - y/2) composite?
False
Let j(w) = 3*w - 6. Let u be j(6). Suppose -5*b - 5*v = -25, -u = -2*v - 2*v. Suppose b*g - 39 = -9. Is g a prime number?
False
Let i(v) = v**2 - v - 1. Let x(l) be the third derivative of -l**5/60 + 5*l**4/24 - l**3/6 + l**2. Let c(w) = 2*i(w) - x(w). Is c(6) a prime number?
False
Suppose -7*i = -k - 2*i - 12, -3*k - 2*i + 15 = 0. Let v be k*((-2)/3 + 0). Is -2*v/((-8)/(-98)) a composite number?
True
Suppose 2*f = f + 208. Let m = 351 - f. Is m a composite number?
True
Is ((-3806)/(-5) - -5)*(0 + 5) a prime number?
False
Let n(g) = -13*g - 4. Let l = -10 - -7. Is n(l) a composite number?
True
Suppose -2*r + 5*r = u - 105, 477 = 5*u + r. Let f be ((-2)/4)/(2/172). Let w = u + f. Is w a prime number?
True
Let c = -71 - -242. Suppose 49 = 4*d - c. Is d a composite number?
True
Let t(m) = 2*m**2 + 3*m - 4. Let r be t(-3). Suppose 0 = -r*w - g + 100, 5*w + 42 - 127 = 2*g. Is w a composite number?
False
Let u = -10 + 13. Suppose -5*p + u*o + 398 = 0, -3*o - 52 + 365 = 4*p. Is p prime?
True
Is ((-59)/(-2))/(9/198) a composite number?
True
Is ((-31892)/42)/((-2)/3) composite?
True
Let m be (-6)/(-14)*2*7. Suppose 2*k - m*k = 0. Suppose 4*u = -k*z - z + 266, -u + 59 = 4*z. Is u a prime number?
True
Let a(c) = -9 + 4*c - 3*c - 2*c. Let r be a(0). Is 32/6 + (-6)/r a composite number?
True
Suppose 5*x + 2*f - 457 = 0, 4*x - 6*f + 5*f - 363 = 0. Is x prime?
False
Suppose 3*x - 33 = -5*k, 14 = 3*k + 3*x - 7. Suppose -5*s + 31 = k. Suppose -u = -m - 15, -2*u + 0 = s*m - 58. Is u a prime number?
True
Let m = -95 - -46. Let b = 162 + m. Is b a prime number?
True
Let o = 7 + -2. Suppose -3*a - 92 = -o*d - 851, 1265 = 5*a + 3*d. Let q = a + -176. Is q a composite number?
True
Suppose -3*k - 15 = -5*i - k, 0 = 3*i - 2*k - 9. Suppose 0 = i*o + 5*a + 63 - 503, 0 = -4*o - a + 581. Is o a prime number?
False
Let j = 7 - -27. Suppose -j = -3*g + 35. Is g prime?
True
Let r = 6 + -1. Suppose 35 = r*i - 165. Suppose -q + i + 3 = 0. Is q a composite number?
False
Let f = -394 - -575. Is f a prime number?
True
Suppose -5*k - 3*v + 218 = -2368, -2*k = -2*v - 1044. Is k a composite number?
True
Let q(i) = i**2 - 5*i + 5. Let z be q(4). Is (z/3)/(10/1290) a prime number?
True
Let z(m) = -m - 1. Let p be z(-3). Suppose 464 = 4*i - 4*t, p*i + 7*t - 253 = 2*t. Is i a prime number?
False
Let j(g) be the second derivative of 1/2*g**2 + 0 - 2*g - 95/6*g**3. Is j(-2) prime?
True
Is (-4 - (-5 - -4)) + 224 a prime number?
False
Let u(s) = -4*s**3 - 10*s**2 - 7*s - 2. Is u(-7) a prime number?
True
Let f(m) = -m**3 + 10*m**2 - 2*m + 6. Let k(p) = 3*p**2 - 4*p + 3. Let o be k(2). Is f(o) a prime number?
True
Suppose 6*y = 23*y - 18683. Is y composite?
True
Suppose -5*h + 5 = -0. Let j = h - -2. Is j prime?
True
Suppose -1040 = 3*j + 2*z + 865, 4*j - z = -2551. Let w = -402 - j. Is w a composite number?
True
Suppose -1271 = -2*p - 5*s, 4*s - 2*s = -5*p + 3209. Let g = p - 420. Is g a prime number?
True
Let u be (-9 - -6) + 1 + 327. Suppose -4*g + l = -475, 5*g = -4*l + 924 - u. Is g a prime number?
False
Is (1/(-2))/(8/(-1648)) composite?
False
Suppose -28 + 6 = -2*d. Suppose -4*j = 3*h + 5, 0 = 2*j - 5*h + 52 - 17. Let t = j + d. Is t a composite number?
True
Let n(c) be the second derivative of c**6/360 + c**5/12 + 5*c**4/8 + c**3/6 - c. Let t(p) be the second derivative of n(p). Is t(-10) prime?
False
Suppose 2*b + 3 = 11. Suppose -10 = -2*l - 4*d, -b*l = -0*d - 4*d + 28. Is (-8)/(-12) + (-415)/l prime?
True
Let y be -19 - -2 - (-1 - -3). Let a = y - -13. Let j(n) = n**2 - 2*n + 3. Is j(a) a composite number?
True
Suppose -4*i = -5*k + 315, i - 5 = -0. Is k prime?
True
Let x be (-10)/(-6) + (-2)/(-6). Suppose x*o = 4*o - 3*f - 949, 939 = 2*o - f. Is o a composite number?
False
Let j(p) = 3*p**2 + 9*p - 7. Suppose -5*t - 37 - 3 = 0. Is j(t) composite?
False
Let o = -699 - -1393. Is o prime?
False
Let j = -538 + 116. Is 8/(-44) - j/22 prime?
True
Let k = -89 + 570. Is k a prime number?
False
Let d = 43 + -135. Let p = 162 + d. Is (p/(-6))/(5/(-15)) a composite number?
True
Let v be (30/12)/(1/2). Suppose -v*k = -4*y + 4627, k + k = -5*y + 5825. Is y a prime number?
True
Let f(b) = -b**3 + 3*b**2 - 2*b + 1. Let a be f(2). Let w be (54/(-15))/((-10)/25). Let u = w + a. Is u prime?
False
Is (-24752)/(-39) + 2/6 composite?
True
Suppose -2*h - 7 = 5*o, -18 = -3*h + 5*o + 9. Suppose 5*s = -b - 2, -5*b - 2*s + 7 = -h*b. Is b composite?
False
Let y = 119 + -171. Suppose 3*f - 2*u = 267, 0*f = -3*f + 5*u + 276. Let z = y + f. Is z a prime number?
False
Suppose 5*f + 2 + 1 = -2*o, 5*f + 4*o = -1. Let h be f/(((-6)/14)/3). Let s = 44 - h. Is s a composite number?
False
Let r be 1 + 2 + 0 - -1. Suppose -d - 69 = -r*d. Is d a composite number?
False
Let u(d) = d**2 + 7*d + 2. Let y be u(-7). Suppose -y*c + 844 = 2*c. Is c a composite number?
False
Let r(o) = -o - 8. Let v be r(-6). Let c(u) = u**2 + 5*u + 2*u**2 - 2*u. Is c(v) a composite number?
True
Let b(s) = -8*s**3 - 2*s**2 - s. Let d(i) = -2*i**2 - 1. Let k be d(-1). Let u = k + 2. Is b(u) a composite number?
False